39?
1
What is the hundreds digit of 92811?
8
What is the tens digit of 1674?
7
What is the tens digit of 908?
0
What is the tens digit of 1020?
2
What is the hundreds digit of 855?
8
What is the units digit of 9749?
9
What is the hundreds digit of 7276?
2
What is the hundreds digit of 3922?
9
What is the ten thousands digit of 13101?
1
What is the hundreds digit of 257?
2
What is the tens digit of 8369?
6
What is the tens digit of 2276?
7
What is the ten thousands digit of 42150?
4
What is the units digit of 20080?
0
What is the units digit of 94?
4
What is the units digit of 93545?
5
What is the thousands digit of 15431?
5
What is the units digit of 1481?
1
What is the tens digit of 156670?
7
What is the hundreds digit of 90351?
3
What is the thousands digit of 3612?
3
What is the tens digit of 111?
1
What is the thousands digit of 8640?
8
What is the ten thousands digit of 10133?
1
What is the units digit of 597?
7
What is the thousands digit of 2441?
2
What is the tens digit of 957?
5
What is the thousands digit of 44726?
4
What is the thousands digit of 2480?
2
What is the units digit of 4033?
3
What is the tens digit of 654?
5
What is the hundreds digit of 8290?
2
What is the thousands digit of 2122?
2
What is the hundreds digit of 761?
7
What is the units digit of 9497?
7
What is the units digit of 1954?
4
What is the units digit of 11603?
3
What is the units digit of 1013?
3
What is the thousands digit of 2882?
2
What is the units digit of 622?
2
What is the units digit of 1022?
2
What is the tens digit of 80?
8
What is the ten thousands digit of 91983?
9
What is the hundred thousands digit of 134609?
1
What is the hundreds digit of 5349?
3
What is the thousands digit of 4093?
4
What is the thousands digit of 28839?
8
What is the tens digit of 1729?
2
What is the tens digit of 5923?
2
What is the thousands digit of 45133?
5
What is the units digit of 8450?
0
What is the hundreds digit of 9032?
0
What is the thousands digit of 19716?
9
What is the tens digit of 1976?
7
What is the thousands digit of 29089?
9
What is the hundreds digit of 979?
9
What is the thousands digit of 1564?
1
What is the hundreds digit of 18843?
8
What is the thousands digit of 36354?
6
What is the thousands digit of 16558?
6
What is the hundreds digit of 21860?
8
What is the tens digit of 3144?
4
What is the units digit of 2035?
5
What is the units digit of 178?
8
What is the units digit of 7531?
1
What is the units digit of 4223?
3
What is the tens digit of 780?
8
What is the hundreds digit of 1006?
0
What is the tens digit of 651?
5
What is the units digit of 40201?
1
What is the units digit of 50542?
2
What is the tens digit of 3810?
1
What is the hundred thousands digit of 117072?
1
What is the thousands digit of 1676?
1
What is the thousands digit of 16453?
6
What is the units digit of 553?
3
What is the tens digit of 7662?
6
What is the tens digit of 6997?
9
What is the thousands digit of 29968?
9
What is the hundreds digit of 6261?
2
What is the thousands digit of 1283?
1
What is the tens digit of 2481?
8
What is the hundreds digit of 91435?
4
What is the thousands digit of 1407?
1
What is the units digit of 1927?
7
What is the tens digit of 2199?
9
What is the ten thousands digit of 15474?
1
What is the units digit of 972?
2
What is the ten thousands digit of 22246?
2
What is the thousands digit of 81414?
1
What is the units digit of 536?
6
What is the units digit of 4418?
8
What is the thousands digit of 5929?
5
What is the units digit of 1800?
0
What is the thousands digit of 112781?
2
What is the units digit of 19802?
2
What is the tens digit of 1150?
5
What is the thousands digit of 5428?
5
What is the units digit of 281?
1
What is the units digit of 17572?
2
What is the hundred thousands digit of 129997?
1
What is the thousands digit of 77418?
7
What is the ten thousands digit of 36016?
3
What is the units digit of 894?
4
What is the ten thousands digit of 14580?
1
What is the units digit of 31873?
3
What is the thousands digit of 23244?
3
What is the units digit of 1548?
8
What is the tens digit of 1743?
4
What is the hundreds digit of 12613?
6
What is the units digit of 73651?
1
What is the tens digit of 1625?
2
What is the tens digit of 33732?
3
What is the ten thousands digit of 35775?
3
What is the units digit of 1661?
1
What is the thousands digit of 2126?
2
What is the tens digit of 3581?
8
What is the hundred thousands digit of 104455?
1
What is the ten thousands digit of 18908?
1
What is the hundreds digit of 7638?
6
What is the thousands digit of 5973?
5
What is the ten thousands digit of 116694?
1
What is the units digit of 1006?
6
What is the thousands digit of 6560?
6
What is the tens digit of 1526?
2
What is the hundreds digit of 1246?
2
What is the tens digit of 1548?
4
What is the tens digit of 5653?
5
What is the ten thousands digit of 18518?
1
What is the units digit of 649?
9
What is the thousands digit of 19900?
9
What is the units digit of 47005?
5
What is the tens digit of 2033?
3
What is the ten thousands digit of 16643?
1
What is the thousands digit of 13384?
3
What is the tens digit of 56?
5
What is the tens digit of 926?
2
What is the units digit of 35092?
2
What is the tens digit of 6217?
1
What is the units digit of 72588?
8
What is the hundreds digit of 58185?
1
What is the tens digit of 44136?
3
What is the thousands digit of 31354?
1
What is the units digit of 21?
1
What is the hundreds digit of 569?
5
What is the ten thousands digit of 36443?
3
What is the tens digit of 9012?
1
What is the units digit of 78097?
7
What is the units digit of 37044?
4
What is the thousands digit of 106395?
6
What is the tens digit of 731?
3
What is the units digit of 18248?
8
What is the hundred thousands digit of 130909?
1
What is the tens digit of 1919?
1
What is the tens digit of 141695?
9
What is the units digit of 356?
6
What is the units digit of 329?
9
What is the hundreds digit of 7919?
9
What is the hundreds digit of 39343?
3
What is the tens digit of 6694?
9
What is the thousands digit of 2794?
2
What is the units digit of 23574?
4
What is the tens digit of 384?
8
What is the units digit of 19180?
0
What is the units digit of 33279?
9
What is the tens digit of 4140?
4
What is the hundreds digit of 668?
6
What is the hundreds digit of 357?
3
What is the tens digit of 4810?
1
What is the thousands digit of 2157?
2
What is the hundreds digit of 407?
4
What is the hundreds digit of 114084?
0
What is the tens digit of 2351?
5
What is the thousands digit of 1641?
1
What is the thousands digit of 8729?
8
What is the tens digit of 110230?
3
What is the thousands digit of 19885?
9
What is the tens digit of 5824?
2
What is the thousands digit of 3924?
3
What is the ten thousands digit of 63507?
6
What is the tens digit of 6156?
5
What is the hundreds digit of 189?
1
What is the hundreds digit of 1950?
9
What is the units digit of 35690?
0
What is the hundreds digit of 2810?
8
What is the ten thousands digit of 24426?
2
What is the tens digit of 2006?
0
What is the tens digit of 6266?
6
What is the units digit of 1243?
3
What is the tens digit of 107350?
5
What is the hundreds digit of 749?
7
What is the tens digit of 4264?
6
What is the units digit of 134434?
4
What is the tens digit of 33301?
0
What is the units digit of 46629?
9
What is the tens digit of 10338?
3
What is the ten thousands digit of 72819?
7
What is the hundreds digit of 16404?
4
What is the tens digit of 66693?
9
What is the thousands digit of 2082?
2
What is the hundreds digit of 864?
8
What is the thousands digit of 14377?
4
What is the thousands digit of 18262?
8
What is the hundreds digit of 130666?
6
What is the hundreds digit of 1206?
2
What is the units digit of 6432?
2
What is the units digit of 1019?
9
What is the ten thousands digit of 11270?
1
What is the thousands digit of 51754?
1
What is the units digit of 42?
2
What is the hundreds digit of 481?
4
What is the thousands digit of 73175?
3
What is the hundreds digit of 338?
3
What is the tens digit of 788?
8
What is the units digit of 50515?
5
What is the units digit of 957?
7
What is the thousands digit of 6016?
6
What is the hundreds digit of 14534?
5
What is the units digit of 869?
9
What is the thous